{"id":171,"date":"2020-02-02T03:59:37","date_gmt":"2020-02-02T03:59:37","guid":{"rendered":"https:\/\/www.agroserint.com\/247\/?page_id=171"},"modified":"2020-02-02T02:20:55","modified_gmt":"2020-02-02T07:20:55","slug":"home","status":"publish","type":"page","link":"https:\/\/www.agroserint.com\/247\/","title":{"rendered":"Inicio"},"content":{"rendered":"\n<h2 class=\"wp-block-heading\">Agroser Internacional<\/h2>\n\n\n\n<p style=\"font-size:28px\" class=\"article .entry-content p,  article .entry-content ul li { \ttext-align: justify; } \">Es una empresa que provee los mejores productos y servicios para hacer al sector agropecuario mas sustentable, productivo y rentable. Contamos con profesionales de gran experiencia en el sector, de un gran respeto por el medio ambiente y conscientes de la responsabilidad que tenemos con nuestro entorno.<\/p>\n\n\n\n<p style=\"font-size:28px\" class=\"article .entry-content p,  article .entry-content ul li { \ttext-align: justify; } \">Somos reconocidos como un socio ideal en la producci\u00f3n de alimentos, al generar soluciones integrales para la protecci\u00f3n de cultivos con mejoras en la tecnolog\u00eda, calidad y servicios, lo que nos permite consolidarnos como una empresa de alta proyecci\u00f3n. Contamos con capital humano con un alto compromiso de desempe\u00f1o en la mejora continua para cumplir con nuestra meta de mejorar la producci\u00f3n de alimentos.<\/p>\n","protected":false},"excerpt":{"rendered":"<p>Agroser Internacional Es una empresa que provee los mejores productos y servicios para hacer al sector agropecuario mas sustentable, productivo y rentable. [&hellip;]<\/p>\n","protected":false},"author":1,"featured_media":0,"parent":0,"menu_order":0,"comment_status":"closed","ping_status":"closed","template":"page-templates\/page_front-page.php","meta":{"footnotes":""},"_links":{"self":[{"href":"https:\/\/www.agroserint.com\/247\/index.php\/wp-json\/wp\/v2\/pages\/171"}],"collection":[{"href":"https:\/\/www.agroserint.com\/247\/index.php\/wp-json\/wp\/v2\/pages"}],"about":[{"href":"https:\/\/www.agroserint.com\/247\/index.php\/wp-json\/wp\/v2\/types\/page"}],"author":[{"embeddable":true,"href":"https:\/\/www.agroserint.com\/247\/index.php\/wp-json\/wp\/v2\/users\/1"}],"replies":[{"embeddable":true,"href":"https:\/\/www.agroserint.com\/247\/index.php\/wp-json\/wp\/v2\/comments?post=171"}],"version-history":[{"count":7,"href":"https:\/\/www.agroserint.com\/247\/index.php\/wp-json\/wp\/v2\/pages\/171\/revisions"}],"predecessor-version":[{"id":259,"href":"https:\/\/www.agroserint.com\/247\/index.php\/wp-json\/wp\/v2\/pages\/171\/revisions\/259"}],"wp:attachment":[{"href":"https:\/\/www.agroserint.com\/247\/index.php\/wp-json\/wp\/v2\/media?parent=171"}],"curies":[{"name":"wp","href":"https:\/\/api.w.org\/{rel}","templated":true}]}}